, 233, 2297
What are the prime factors of 51323120?
2, 5, 23, 27893
What are the prime factors of 103059268?
2, 13, 19, 104311
List the prime factors of 806563128.
2, 3, 7, 13997
What are the prime factors of 272218008?
2, 3, 17, 193, 3457
List the prime factors of 269824861.
269824861
What are the prime factors of 2803153545?
3, 5, 17, 109, 33617
What are the prime factors of 34509134?
2, 11, 43, 36479
What are the prime factors of 77697247?
139, 558973
What are the prime factors of 51889139?
51889139
What are the prime factors of 59086806?
2, 3, 31, 317671
What are the prime factors of 909530212?
2, 227382553
What are the prime factors of 44697917?
11, 4063447
What are the prime factors of 6493902263?
131, 49571773
List the prime factors of 1247202100.
2, 5, 43, 290047
What are the prime factors of 465099796?
2, 7, 29, 67, 83, 103
What are the prime factors of 4352498485?
5, 43, 701, 28879
List the prime factors of 65228213.
53, 1051, 1171
List the prime factors of 11386118.
2, 617, 9227
What are the prime factors of 656600433?
3, 1129, 193859
List the prime factors of 1062779831.
4111, 258521
What are the prime factors of 39395492?
2, 317, 31069
List the prime factors of 273990526.
2, 19, 7210277
List the prime factors of 1487410553.
3119, 476887
What are the prime factors of 2994368615?
5, 7, 277, 308857
What are the prime factors of 2131581291?
3, 7, 19, 211, 3617
What are the prime factors of 25774338?
2, 3, 4295723
List the prime factors of 103563255.
3, 5, 6904217
What are the prime factors of 59330781?
3, 29, 103, 2207
What are the prime factors of 1146500?
2, 5, 2293
List the prime factors of 378650223.
3, 7, 811, 7411
List the prime factors of 801853920.
2, 3, 5, 7, 79549
List the prime factors of 563584698.
2, 3, 3719, 8419
What are the prime factors of 1634933872?
2, 11, 13, 714569
What are the prime factors of 155746816?
2, 304193
What are the prime factors of 2938754360?
2, 5, 5573, 13183
What are the prime factors of 1828764904?
2, 239, 661, 1447
What are the prime factors of 11746687?
11746687
List the prime factors of 26683058.
2, 13341529
List the prime factors of 40835982.
2, 3, 11, 43, 14389
List the prime factors of 3618798988.
2, 7, 29, 43, 103643
List the prime factors of 513920366.
2, 1097, 234239
What are the prime factors of 1514948225?
5, 7, 8656847
What are the prime factors of 6799480?
2, 5, 169987
List the prime factors of 1423462767.
3, 19, 29, 861139
What are the prime factors of 521091383?
521091383
List the prime factors of 1865560478.
2, 997, 935587
What are the prime factors of 2260019726?
2, 1130009863
List the prime factors of 68357911.
101, 587, 1153
List the prime factors of 93436441.
7, 1249, 10687
What are the prime factors of 887969221?
43, 131, 157637
What are the prime factors of 1483884509?
1483884509
List the prime factors of 61787538.
2, 3, 89, 38569
List the prime factors of 670317409.
109, 389, 15809
What are the prime factors of 3580878235?
5, 11, 269, 22003
List the prime factors of 2529720366.
2, 3, 23, 127, 144341
What are the prime factors of 377875852?
2, 467, 202289
List the prime factors of 20063804.
2, 89, 56359
What are the prime factors of 1784906557?
7, 449, 567899
List the prime factors of 1376584759.
11, 11117, 11257
List the prime factors of 513537542.
2, 7, 748597
List the prime factors of 3193679.
3193679
What are the prime factors of 794169290?
2, 5, 79416929
What are the prime factors of 127794205?
5, 7, 11, 47419
List the prime factors of 39766751.
39766751
What are the prime factors of 209144896?
2, 337, 9697
What are the prime factors of 1722766353?
3, 7, 11, 1065409
What are the prime factors of 2980920772?
2, 1913, 389561
What are the prime factors of 19419963?
3, 6473321
List the prime factors of 16940092.
2, 13, 17, 19163
List the prime factors of 315975030.
2, 3, 5, 7, 30707
List the prime factors of 124500658.
2, 62250329
List the prime factors of 10839238.
2, 5419619
What are the prime factors of 17715396?
2, 3, 1476283
List the prime factors of 204117614.
2, 102058807
What are the prime factors of 4459723567?
13, 19, 18055561
What are the prime factors of 432041544?
2, 3, 11, 31, 17597
What are the prime factors of 3395505312?
2, 3, 751, 5233
List the prime factors of 31876678.
2, 179, 89041
What are the prime factors of 1214315777?
1214315777
What are the prime factors of 260206173?
3, 28911797
List the prime factors of 117838482.
2, 3, 19639747
List the prime factors of 48649862.
2, 41, 593291
List the prime factors of 730024607.
13, 56155739
What are the prime factors of 569430734?
2, 23, 2029, 6101
What are the prime factors of 134644219?
134644219
List the prime factors of 176738053.
176738053
What are the prime factors of 3310325829?
3, 367813981
List the prime factors of 1555917832.
2, 7, 27784247
What are the prime factors of 87860294?
2, 19, 41, 56393
What are the prime factors of 1612470016?
2, 23, 273857
What are the prime factors of 3112501891?
19, 269, 461, 1321
What are the prime factors of 1058526995?
5, 167, 7591
List the prime factors of 61460708.
2, 53, 67, 4327
List the prime factors of 40971657.
3, 19, 718801
What are the prime factors of 643573755?
3, 5, 11, 144461
What are the prime factors of 131317364?
2, 31, 73, 89, 163
List the prime factors of 43577855.
5, 967, 9013
List the prime factors of 4564535576.
2, 41, 13916267
What are the prime factors of 559231657?
211, 2650387
List the prime factors of 29363893.
13, 23, 98207
List the prime factors of 131579155.
5, 277, 95003
List the prime factors of 4422199880.
2, 5, 7, 23, 61, 11257
List the prime factors of 38006019.
3, 239, 17669
What are the prime factors of 165348535?
5, 11, 541, 5557
What are the prime factors of 572903249?
14753, 38833
What are the prime factors of 506782146?
2, 3, 13, 131, 49597
What are the prime factors of 1904952840?
2, 3, 5, 7, 2267801
List the prime factors of 339132723.
3, 23, 349, 14083
What are the prime factors of 141013866?
2, 3, 7, 479639
What are the prime factors of 192780022?
2, 59, 1633729
List the prime factors of 91634528.
2, 503, 5693
What are the prime factors of 145150253?
19, 7639487
List the prime factors of 1381298325.
3, 5, 11, 1674301
What are the prime factors of 905130959?
97, 9331247
List the prime factors of 61705886.
2, 11, 17, 53, 283
What are the prime factors of 120611527?
37, 3259771
What are the prime factors of 120232331?
179, 359, 1871
List the prime factors of 653183900.
2, 5, 19, 23, 14947
List the prime factors of 488500763.
17, 137, 1531
What are the prime factors of 928523183?
7, 132646169
List the prime factors of 792773071.
792773071
What are the prime factors of 56256712?
2, 23, 305743
What are the prime factors of 2009516041?
13, 53, 73, 39953
List the prime factors of 294352221.
3, 98117407
List the prime factors of 74516790.
2, 3, 5, 101, 24593
List the prime factors of 51569914.
2, 11, 19, 123373
What are the prime factors of 876095786?
2, 61, 7181113
What are the prime factors of 328729705?
5, 65745941
What are the prime factors of 1821968237?
73, 1877, 13297
What are the prime factors of 1557519772?
2, 389379943
List the prime factors of 62679317.
62679317
List the prime factors of 41293726.
2, 19, 1086677
What are the prime factors of 456691197?
3, 23, 6618713
List the prime factors of 169885811.
17, 83, 120401
List the prime factors of 322216113.
3, 17, 6317963
List the prime factors of 13390421.
11, 19, 79, 811
List the prime factors of 123956937.
3, 13, 6269
List the prime factors of 102436817.
7, 14633831
What are the prime factors of 37203806?
2, 103, 313, 577
List the prime factors of 15162495.
3, 5, 1010833
What are the prime factors of 267202698?
2, 3, 7, 181, 35149
What are the prime factors of 1022226914?
2, 511113457
What are the prime factors of 399422502?
2, 3, 821857
What are the prime factors of 137243257?
709, 193573
List the prime factors of 254404770.
2, 3, 5, 43, 53, 61
List the prime factors of 44805696.
2, 3, 13, 29, 619
What are the prime factors of 4000416092?
2, 47, 1031, 20639
List the prime factors of 241653976.
2, 30206747
List the prime factors of 191758243.
89, 2154587
List the prime factors of 55980449.
7, 7997207
What are the prime factors of 14662048?
2, 458189
List the prime fa